) = -1340*j - 36046. Give t(-27).
134
Let z(r) = -806*r**3 + 5647*r**2 - 23*r - 16. Calculate z(7).
68
Let i(g) = -g**2 + 986*g - 33293. Determine i(35).
-8
Let v(s) = s**2 - 96*s - 871. What is v(133)?
4050
Let c(o) = -3*o**3 - 348*o**2 + 145*o + 16372. Determine c(-116).
-448
Let n(l) = -24*l**3 + 16682*l**2 - 1680*l + 201543. Give n(695).
-7
Let z(c) = 502*c + 4503. Give z(-9).
-15
Let c(o) = 455*o + 98281. Determine c(-216).
1
Let j(p) = 157358*p - 7081111. Determine j(45).
-1
Let a(i) = 36028*i - 612546. Calculate a(17).
-70
Let k(s) = s**2 + 33406*s - 3518654. Determine k(105).
1
Let f(y) = -86*y - 1716. Calculate f(-27).
606
Let c(q) = 15*q + 1241. Give c(-83).
-4
Let k(h) = 2656*h - 50787. Calculate k(19).
-323
Let u(w) = -1859*w - 1545. Determine u(-1).
314
Let s(r) = -r**3 + 3*r**2 + 11*r + 26. Calculate s(6).
-16
Let s(z) = 2*z**3 + 11*z**2 - 197*z - 235. Determine s(8).
-83
Let c(p) = 24*p**3 - 11*p**2 - 16*p + 33. Calculate c(1).
30
Let r(w) = 10*w**3 - 581*w**2 - 2426*w + 380. What is r(62)?
-116
Let q(w) = -815577*w - 9786932. What is q(-12)?
-8
Let p(q) = -5425*q + 260400. What is p(48)?
0
Let b(p) = -p**3 + 12*p**2 + 57*p - 211. Give b(15).
-31
Let n(p) = 115*p**2 - 680*p + 1367. What is n(2)?
467
Let u(k) = k**3 + 32*k**2 + 67*k + 1246. Give u(-28).
2506
Let p(i) = -2*i**3 - 58*i**2 - 24*i - 466. Determine p(-29).
230
Let z(c) = c**2 - 67163*c + 3020319. Determine z(45).
9
Let y(b) = -86623*b - 433128. What is y(-5)?
-13
Let l(k) = k**3 + 806*k**2 - 7675*k - 1612975. Determine l(-813).
17
Let p(o) = 19*o**3 + 65*o**2 - 29*o - 17. Determine p(-4).
-77
Let f(u) = 118261*u + 44347874. Calculate f(-375).
-1
Let w(j) = 17*j**3 + 406*j**2 - 69*j - 497. Determine w(-24).
7
Let m(w) = 392*w + 15708. Give m(-44).
-1540
Let x(z) = -4*z**2 - 48*z + 504. What is x(11)?
-508
Let f(b) = 1509*b + 20928. Calculate f(-14).
-198
Let o(c) = 4*c**2 + 49*c - 335. Calculate o(7).
204
Let s(i) = 119*i - 15099. What is s(132)?
609
Let w(r) = 11*r + 774. Determine w(-31).
433
Let q(j) = -65*j - 6390. Determine q(-99).
45
Let w(y) = 6888*y + 640590. Determine w(-93).
6
Let k(d) = d**3 - 168*d**2 + 41*d - 34766. Calculate k(169).
724
Let v(w) = 4*w**3 + 40*w**2 + 27*w - 369. Give v(-8).
-73
Let c(u) = -u**3 - 28*u**2 - 115*u - 285. Calculate c(-7).
-509
Let f(g) = 38593*g - 463140. Calculate f(12).
-24
Let s(i) = 9*i + 144. Calculate s(10).
234
Let n(g) = g**3 - 1659*g**2 - 5026*g + 5587569. Determine n(1660).
9
Let z(d) = 3*d**3 + 604*d**2 + 1981*d + 392. Give z(-198).
194
Let g(h) = -h**3 - 477*h**2 - 1706*h - 134614. Give g(-474).
2
Let p(v) = -v**2 + 66*v + 670. Give p(-20).
-1050
Let k(x) = x**3 + 3*x**2 - 185*x + 6299. Give k(-23).
-26
Let q(z) = z**3 - 70*z**2 - 1481*z + 180. What is q(87)?
6
Let p(s) = -38*s**2 - 1395*s - 166. Calculate p(-37).
-573
Let n(s) = 2428*s - 50974. What is n(21)?
14
Let k(v) = -9*v - 253. What is k(-38)?
89
Let w(j) = -12*j**2 - 1160*j - 777. Calculate w(-96).
-9
Let z(r) = -1250917*r + 7505502. What is z(6)?
0
Let k(o) = -577*o + 2682. Calculate k(4).
374
Let j(o) = 166*o**2 - 4099*o - 1287. What is j(25)?
-12
Let d(p) = -p**2 - 521*p + 24262. What is d(43)?
10
Let d(j) = 3467*j - 96674. Give d(28).
402
Let u(n) = -3641*n - 3654. Give u(-1).
-13
Let y(p) = -24055*p + 264600. Calculate y(11).
-5
Let h(l) = 2*l**3 + 899*l**2 - 1181*l + 77478. Give h(-451).
-94
Let f(o) = 27021*o + 27027. What is f(-1)?
6
Let j(s) = -s**3 - 56*s**2 + 175*s + 3418. Calculate j(-58).
-4
Let u(a) = 865*a - 11076. Determine u(14).
1034
Let h(b) = -b**3 + 841*b**2 - 5257*b + 5135365. Give h(842).
7
Let p(l) = -653206*l + 3266037. Calculate p(5).
7
Let k(u) = u**2 - 1191*u + 4749. Calculate k(4).
1
Let i(f) = 233*f + 57043. Give i(-246).
-275
Let w(k) = -162605*k - 2276348. Give w(-14).
122
Let o(z) = -13*z**2 + 827*z + 9637. What is o(-10)?
67
Let z(n) = n**2 + 1048*n + 241816. Determine z(-343).
1
Let f(s) = s**2 - 11241*s + 815262. Calculate f(73).
-2
Let u(v) = v**2 - 51*v - 26509. Calculate u(192).
563
Let k(j) = -960*j**2 - 3793*j + 143. Calculate k(-4).
-45
Let m(u) = -6*u**3 + 45*u**2 - 283*u + 1050. Calculate m(5).
10
Let d(k) = 956*k + 501906. What is d(-525)?
6
Let k(w) = 3050*w**2 - 64062*w + 103. Give k(21).
-149
Let j(i) = 32*i**3 + 147*i**2 - 297*i + 12. What is j(2)?
262
Let y(l) = -3*l**2 - 7295*l - 50910. Give y(-7).
8
Let j(y) = -233*y + 48715. Give j(209).
18
Let w(q) = 2*q**2 - 2468*q + 24612. Give w(10).
132
Let q(u) = 215*u + 12402. Determine q(-57).
147
Let j(f) = -128*f**2 - 875*f + 74. Give j(-7).
-73
Let d(x) = -3*x**3 - 333*x**2 - 335*x - 537. Calculate d(-110).
13
Let r(x) = 1821*x + 149311. What is r(-82)?
-11
Let z(x) = -287*x**2 + 14629*x + 30854. Give z(53).
8
Let y(z) = z**2 - 1125*z + 314847. Determine y(602).
1
Let t(h) = -438*h**3 + 7007*h**2 + 8*h + 126. What is t(16)?
-2
Let y(b) = -b**3 - 87*b**2 - 315*b + 252. Determine y(-83).
-1159
Let w(s) = 3232*s - 6311. Give w(2).
153
Let y(t) = -5739*t - 120517. Calculate y(-21).
2
Let s(b) = -b**2 + 316*b + 55034. What is s(-125)?
-91
Let o(z) = -z**3 - 352*z**2 - 108*z + 85245. Calculate o(-351).
-48
Let k(i) = 6*i**2 - 10043*i - 20091. Calculate k(-2).
19
Let n(f) = -f**3 - 112*f**2 + 469*f + 403. What is n(-116)?
-177
Let s(m) = 49638*m + 248192. Give s(-5).
2
Let d(j) = 3*j**2 + 5720*j + 68586. Calculate d(-12).
378
Let f(t) = t**3 + 72*t**2 + 15*t + 3. Determine f(-72).
-1077
Let c(l) = -5*l**2 - 6504*l - 57960. What is c(-9)?
171
Let i(u) = -2*u**3 + 12*u**2 + 235*u - 994. What is i(4)?
10
Let j(v) = 1154*v + 92313. Determine j(-80).
-7
Let j(g) = 3*g**3 - 7*g**2 - 30*g + 261. What is j(-7)?
-901
Let u(k) = -6598*k + 191824. Give u(29).
482
Let u(j) = -274309*j + 1371553. Calculate u(5).
8
Let g(r) = -2*r**2 - 111*r + 5491. What is g(-87)?
10
Let d(x) = -5*x**2 + 616*x + 15627. Give d(-24).
-2037
Let u(g) = g**3 + 116*g**2 - 1744*g + 9877. Determine u(-130).
-3
Let m(v) = -708*v**2 + 14169*v - 59598. Determine m(14).
0
Let t(p) = -p**3 - 19*p**2 + 40*p + 1492. Determine t(-15).
-8
Let j(k) = 144*k - 48249. What is j(336)?
135
Let w(p) = 675981*p + 13519621. Calculate w(-20).
1
Let r(w) = 5*w**2 + 4959*w + 217535. What is r(-46)?
1
Let k(q) = 30024*q + 46987559. Determine k(-1565).
-1
Let o(r) = 212*r**3 - 4233*r**2 - 123*r - 344. Give o(20).
-4
Let z(a) = -2*a**3 - 57*a**2 - 201*a - 28. What is z(-19)?
-3068
Let v(r) = 2*r**2 + 920*r - 133968. Calculate v(116).
-336
Let u(w) = -6970*w + 48540. What is u(7)?
-250
Let x(g) = g**3 - 100*g**2 - 514*g + 10128. What is x(104)?
-64
Let o(c) = -7*c**3 + 261*c**2 + 202*c - 431. Determine o(38).
25
Let t(y) = 14274*y + 913530. What is t(-64)?
-6
Let x(c) = 3*c**2 - 1014*c - 8156. Give x(346).
148
Let t(n) = -4907*n + 24507. What is t(5)?
-28
Let d(u) = -19*u**3 + 4*u**2 + 122*u - 484. Calculate d(4).
-1148
Let a(m) = 62*m**2 - 759*m + 2249. Determine a(7).
-26
Let s(v) = -v**2 + 265*v - 14137. What is s(74)?
-3
Let t(r) = -53*r**2 + 1469*r + 103. What is t(28)?
-317
Let n(b) = -415301*b + 2491937. Give n(6).
131
Let p(z) = -929*z - 111194. Give p(-119).
-643
Let f(q) = -11*q**2 + 225*q - 11. Give f(5).
839
Let u(j) = 3*j**2 - 229*j - 229. Calculate u(29).
-4347
Let d(k) = -k**2 + 131*k + 11691. Determine d(-59).
481
Let a(t) = -t**3 - 232*t**2 - 198*t + 7623. Determine a(-231).
0
Let n(m) = -m**3 + 17*m**2 + 68*m - 740. Calculate n(21).
-1076
Let l(r) = 54*r**3 + 3022*r**2 - 103*r + 190. Calculate l(-56).
-314
Let l(v) = 5*v**2 + 117*v - 325. Calculate l(-19).
-743
Let n(a) = -a**3 + 51*a**2 - 298*a + 177. What is n(11)?
1739
Let d(p) = -p**2 - 539*p + 5652. Calculate d(11).
-398
Let w(r) = 61476*r - 491795. Calculate w(8).
13
Let i(s) = -417*s**3 + 15*s**2 - 18*s + 4. Calculate i(1).
-416
Let z(m) = 5331*m - 511756. Calculate z(96).
20
Let h(g) = g**3 - 14*g**2 + 355*g + 1214. Calculate h(-3).
-4
Let a(m) = 3*m**2 - 8029*m + 191. Determine a(0).
191
Let x(q) = -128*q**2 + 124*q + 9. Calculate x(-2).
-751
Let u(i) = -21*i**2 + 349*i - 81. Calculate u(17).
-217
Let m(q) = 123*q + 3195. Determine m(-22).
489
Let c(i) = -117057*i - 29966592. Give c(-256).
0
Let d(x) = -x**3 - 5*x**2 + 259*x + 104. Give d(14).
6
Let p(b) = 21408*b - 16. What is p(0)?
-16
Let p(h) = -5*h**3 - 46*h**2 + 94*h + 947. Determine p(-9).